- s. List the prime factors of a.
3, 23
Suppose 3*f - 2*h = 628, 0 = 2*h + h + 6. List the prime factors of f.
2, 13
Suppose 5*r + 2*n = 20, 3*r - 98 = 4*n - 60. Let s(o) = 3*o + 2. Let y(d) = -6*d - 3. Let f(p) = -5*s(p) - 3*y(p). What are the prime factors of f(r)?
17
Let t(a) = 0 + 18*a**2 - 19*a**2 + 17 + 14*a. What are the prime factors of t(12)?
41
Suppose 5*r = 2*d + 13002, -3*d + 4*d + 5201 = 2*r. List the prime factors of r.
2, 5, 13
Let v be 45/(-10)*(-2)/3. Suppose v*f - 21 = -m + 10, 3*f - 2*m - 28 = 0. List the prime factors of f.
2, 5
Let a be (-6)/(-10) + 52/(-20). Let u be (0/7)/(0 + a). Suppose -4*l + u*l = -2*f + 18, f + 12 = -5*l. What are the prime factors of f?
3
Let k(i) be the third derivative of i**5/15 - i**4/12 - 5*i**3/6 + 14*i**2. What are the prime factors of k(-3)?
37
Let w(a) = 3*a - 10. Let n be w(4). Suppose n*j = -2*c - 0*j - 86, 0 = 5*c - 4*j + 251. Let h = 26 - c. List the prime factors of h.
73
Let r be (-3 - -4) + -3 + 233. Suppose -6*o = -129 - r. List the prime factors of o.
2, 3, 5
Suppose 0 = 3*j + m - 13, -2*m + 2 - 6 = 0. Suppose 0 = -10*g + j*g + 510. List the prime factors of g.
2, 3, 17
Suppose l - 27 = -2*l. Let c = l + -8. Suppose c = 4*q - 7. List the prime factors of q.
2
Let g(a) = 18*a**2 - 2*a. Suppose 7*j - 2*j = -2*i, j = -3*i - 13. Let s be g(j). Let w = 109 - s. What are the prime factors of w?
41
Let c(s) = -s**3 + 5*s**2. Let k be c(5). Suppose -3*g - x + 97 = -3*x, k = -3*g - 3*x + 117. What are the prime factors of g?
5, 7
Let j be (-1 + 1 - 3) + 8. Suppose -25 = -j*x - 5*h, 5*x + 3*h - 23 + 6 = 0. What are the prime factors of (-4)/(-3)*12*x?
2
Suppose n - 4 = -n + 2*k, 0 = -4*n - 3*k + 8. Let w(f) = 13 - 14*f**2 - 7*f**n + 21*f + f**3 - 10. What are the prime factors of w(20)?
23
Suppose -15*c = -357 - 1668. What are the prime factors of c?
3, 5
Suppose 0*d + 7728 = 14*d. What are the prime factors of d?
2, 3, 23
Let v be 4 - (-5 + 4)*-28. Let p be (-1044)/v - 2/(-4). Suppose 4*i + i - 4*n - p = 0, -2*n = i - 6. What are the prime factors of i?
2
Let f = 10 + -12. Let a be ((-14)/(-28))/(f/(-44)). Suppose -6*j = -a*j + 220. What are the prime factors of j?
2, 11
Let y = 2209 + -1320. What are the prime factors of y?
7, 127
Suppose -5*a + 7 = -8. Suppose -z + 2*n = -a*n - 23, 2*z = n + 82. List the prime factors of z.
43
Let w = -2657 - -4144. What are the prime factors of w?
1487
Let t = -307 + 863. What are the prime factors of t?
2, 139
Let n(a) = 23*a**2 - 5*a - 5. What are the prime factors of n(6)?
13, 61
Suppose -4*t + 880 = 11*o - 10*o, 3*o = 3*t + 2580. List the prime factors of o.
2, 3
Let i = -2 + 13. Suppose i*r = 5*r + 270. What are the prime factors of r?
3, 5
Suppose 11*l + 10*l - 9303 = 0. What are the prime factors of l?
443
Suppose 9*k = 3*k + 144. Suppose -r + 5*a + 2 = 0, -r - k = -4*r - 3*a. Suppose -r*j + 108 = -j. List the prime factors of j.
2, 3
Let w(i) = 4*i + 17. Let n be w(-5). Let c(o) = 8*o**2 - 3*o - 4. List the prime factors of c(n).
7, 11
Suppose -5*g - 282 = -2*f - 63, -4*g = 20. Let v = f + 40. List the prime factors of v.
137
Suppose -733 = -10*c + 3467. What are the prime factors of c?
2, 3, 5, 7
Let t be 434 + -7 + 0 + -1. Suppose -d - 4*x - 72 = -2*d, 5*d - t = -2*x. What are the prime factors of d?
2, 3, 7
Let g(i) = i**3 + 20*i - 29. List the prime factors of g(9).
2, 5, 11
Let l = -825 + 1538. List the prime factors of l.
23, 31
Let r(l) = l**3 + 8*l**2 - 3*l - 22. Let j be r(-8). Suppose j*o - 398 = 3*h - h, -3*o - h = -585. What are the prime factors of o?
2, 7
Suppose 0 = -3*q, q = 3*t - 2*q - 10704. List the prime factors of t.
2, 223
Let i be 3/12*218*-2. Let n = -77 - i. Suppose v = 2*y - 21, 5*y - 3*v = 23 + n. List the prime factors of y.
2
List the prime factors of (5045 - 144/12) + -8.
3, 5, 67
Suppose 5*k - m - 32 = 3*k, m = 3*k - 47. Let x(p) = p - 17. Let c be x(k). List the prime factors of c*(6*-1 + 4).
2
Suppose -7*d + d = -18. Let a = d - 1. Suppose -8*y = -a*y - 192. List the prime factors of y.
2
Suppose -r - 2*r = -1974. Suppose -4*o + r = 230. What are the prime factors of o?
107
Let l(k) = 2*k**2 + k - 16. Let x be l(3). Suppose -3*r + x*v + 139 = 0, -29 = -2*r - v + 68. List the prime factors of r.
2, 3
Suppose 7*o - 8*o = -384. Let y = o + -231. Suppose l = -2*l + y. What are the prime factors of l?
3, 17
List the prime factors of 933/1 + 215/43.
2, 7, 67
Let w = -20 - -38. Suppose -2 + w = 4*a. Suppose 0*p - 130 = -5*q - p, -a*p + 20 = 0. List the prime factors of q.
5
Suppose 5*u - 8 = 2. Suppose -u*k + 5*y = 2*k - 68, -4*k = 4*y - 104. Suppose 112 = 5*p + k. List the prime factors of p.
2, 3
Let u(q) = q**3 + 8*q**2 + 4*q + 1. Let n = -11 - -15. Suppose x - 4*x = -3*o, n*x = -12. List the prime factors of u(o).
2, 17
Let l be (-86)/(-7) + 12/(-42). Let r(g) = 17*g - 16. What are the prime factors of r(l)?
2, 47
Let n = 5 + 14. Let d = n + -6. Suppose 10*h - d*h = -90. List the prime factors of h.
2, 3, 5
List the prime factors of 12/6 - (-3*239 - -1).
2, 359
Suppose -2*u = 10, -u + 14 = 2*f - 3*u. Suppose 5*s = -v - 2*v + 1, -4*s + f*v = -14. What are the prime factors of (-426)/24*(-2 - s)?
71
Suppose 0 = -2*o - 29 - 31. What are the prime factors of (-498)/o - (-4)/10?
17
Let a = -10 - -36. Let y(g) = -g**3 + 5*g**2 - 3*g + 1. Let f be y(5). Let p = f + a. What are the prime factors of p?
2, 3
List the prime factors of (-1)/((-6)/2 - 8196/(-2733)).
911
Suppose -w = -4*k + 17857, -5*k - 20*w + 23*w + 22323 = 0. What are the prime factors of k?
2, 3, 31
Suppose -5*r + 3*z + 446 = 0, -5*r + 0*z + 4*z + 448 = 0. Suppose 5*g - 212 = g + q, -2*g + 5*q + r = 0. List the prime factors of g.
2, 3
Suppose p - 1 = 4*s - 12, -3*p + 4*s = 9. Let m be 5/p + (-1 - -3). List the prime factors of (m - 33)*1/(-1).
2, 13
Suppose 4*t = 27 - 7. Suppose t*a + 7 = 817. List the prime factors of a.
2, 3
Suppose 20*z = 24*z + 8. What are the prime factors of (z/(-3) + 0)/(8/732)?
61
Let l = -2542 + 3827. List the prime factors of l.
5, 257
Let p(x) = -x - 3. Let w be p(3). Let d(c) = c**3 + 6*c**2 + c + 8. Let k be d(w). What are the prime factors of 3 - (0 - 0/k)?
3
Suppose 2*h = -5 - 1, 0 = 3*a + 2*h. Suppose 0*u + 32 = a*u. What are the prime factors of (-557)/(-13) + u/104?
43
Suppose 4*l = 3*l + 4. Suppose 2*w + i + 6 = 3*w, 16 = 3*w - l*i. Suppose -5*u + w*u = 42. List the prime factors of u.
2, 7
Let z = -406 + 669. List the prime factors of z.
263
What are the prime factors of 2 + 7 - (-33480)/24?
2, 3, 13
Let p(y) = -7*y. Let j be p(-1). Suppose j*q - 5*q = 10. What are the prime factors of (-936)/(-40) - (-3)/q?
2, 3
Suppose -3*u - 4*t = -988, 5*t - 11 + 6 = 0. List the prime factors of u.
2, 41
Suppose 2826 = -8*a + 13*a + 3*u, -2 = -u. What are the prime factors of a?
2, 3, 47
Let o = -13 - -17. List the prime factors of (-312)/(-2) - o*(-5)/(-20).
5, 31
What are the prime factors of (18/(-15) + (-345)/(-225))*8385?
5, 13, 43
Let i(l) = -2*l**3 + 27*l**2 - 19*l + 31. What are the prime factors of i(11)?
7, 61
Suppose 5*o - 40 = u, 5*o - 32 = -3*u + 28. Suppose 15 = 4*m - o. What are the prime factors of m?
2, 3
Suppose 3*i - 7 = -4*i. Let z(b) = -2*b + 3. Let x be z(-4). Suppose -i = -t + x. What are the prime factors of t?
2, 3
Let q = -4125 + 6569. List the prime factors of q.
2, 13, 47
Let z = -54 + 27. Let s = z - -29. Suppose 0*p + 24 = s*p. List the prime factors of p.
2, 3
Let s(n) = -3*n - 2. Suppose -t - 2*t - 18 = 0. Let i be s(t). Let z = -10 + i. List the prime factors of z.
2, 3
Suppose -4*v = -5*x - 587, -370 - 75 = -3*v - x. List the prime factors of v.
2, 37
Suppose -2*r = -r - 6. Let m be r/2 + (-10 - -5). Let y = 5 - m. What are the prime factors of y?
7
Let a(n) = 60*n**2 + 3*n - 14. What are the prime factors of a(-3)?
11, 47
Let a(f) = 113*f**2 - 3*f - 2. List the prime factors of a(2).
2, 3, 37
Let h(z) = z**3 + 4*z**2 + z + 2. Let t be h(-4). What are the prime factors of (-404)/12*-3 - t?
103
Let y = -3999 + 5956. List the prime factors of y.
19, 103
Suppose -4*y + 30 = -t, 6*t - 3*t = 2*y - 20. Let u = y + -5. List the prime factors of u.
2
Suppose 3*z = -9, -6*f = -f - z + 22. What are the prime factors of (-40)/16*362/f?
181
Suppose 6*l - 16 - 2 = 0. Suppose -4*k - 128 = -l*s, -5*s + 179 = -s